{"id":10,"date":"2018-06-30T21:28:28","date_gmt":"2018-06-30T19:28:28","guid":{"rendered":"http:\/\/tropinka57.pl\/?page_id=10"},"modified":"2021-07-07T12:43:30","modified_gmt":"2021-07-07T10:43:30","slug":"kontakt","status":"publish","type":"page","link":"https:\/\/tropinka57.pl\/?page_id=10","title":{"rendered":"Kontakt"},"content":{"rendered":"<p>Apartamenty w Puszczy Bia\u0142owieskiej<\/p>\n<p>Zielony Dom<\/p>\n<p>ul. Tropinka 57<\/p>\n<p>17-230 Bia\u0142owie\u017ca<\/p>\n<p>tel. + 48 508 749 508<\/p>\n","protected":false},"excerpt":{"rendered":"<p>Apartamenty w Puszczy Bia\u0142owieskiej Zielony Dom ul. Tropinka 57 17-230 Bia\u0142owie\u017ca tel. + 48 508 749 508<\/p>\n","protected":false},"author":1,"featured_media":0,"parent":0,"menu_order":0,"comment_status":"closed","ping_status":"closed","template":"","meta":{"footnotes":""},"_links":{"self":[{"href":"https:\/\/tropinka57.pl\/index.php?rest_route=\/wp\/v2\/pages\/10"}],"collection":[{"href":"https:\/\/tropinka57.pl\/index.php?rest_route=\/wp\/v2\/pages"}],"about":[{"href":"https:\/\/tropinka57.pl\/index.php?rest_route=\/wp\/v2\/types\/page"}],"author":[{"embeddable":true,"href":"https:\/\/tropinka57.pl\/index.php?rest_route=\/wp\/v2\/users\/1"}],"replies":[{"embeddable":true,"href":"https:\/\/tropinka57.pl\/index.php?rest_route=%2Fwp%2Fv2%2Fcomments&post=10"}],"version-history":[{"count":4,"href":"https:\/\/tropinka57.pl\/index.php?rest_route=\/wp\/v2\/pages\/10\/revisions"}],"predecessor-version":[{"id":229,"href":"https:\/\/tropinka57.pl\/index.php?rest_route=\/wp\/v2\/pages\/10\/revisions\/229"}],"wp:attachment":[{"href":"https:\/\/tropinka57.pl\/index.php?rest_route=%2Fwp%2Fv2%2Fmedia&parent=10"}],"curies":[{"name":"wp","href":"https:\/\/api.w.org\/{rel}","templated":true}]}}